(s)?
2, 5
Let x(y) = -13*y**3 - 4*y**2 + 9*y + 4. Let c(r) = 3*r**3 + r**2 - 2*r - 1. Let i(t) = 9*c(t) + 2*x(t). What are the prime factors of i(2)?
11
Let r(q) = q**2 - 13*q - 5. Suppose 0 = g - 3 - 8. Let s be r(g). List the prime factors of (-3)/(-2)*(-36)/s.
2
Let v be 0/(4 - (9 + -4)). Let p = v + 21. List the prime factors of p.
3, 7
Let f(i) = i**3 - 3*i**2 - 2*i - 2. Let j(o) = 4*o**2. Let d be j(-1). What are the prime factors of f(d)?
2, 3
Let p = 2 - -2. Suppose 5*a + 61 = 3*z + z, -5*z - p*a = -25. Suppose d - z - 1 = 0. List the prime factors of d.
2, 5
Suppose -18 + 0 = -3*y. Suppose 0 = 2*t - 2 - y. Suppose 2*r + 12 = 2*m - 0, t*m - 24 = 3*r. What are the prime factors of m?
2, 3
Let h(p) be the second derivative of -11*p**3/6 + 5*p**2/2 - 3*p. List the prime factors of h(-3).
2, 19
Suppose 3*c + n - 45 = 0, -5*n = -3*c - 0*n + 45. Suppose 0 = -p - 0*p - 2. What are the prime factors of p/((-3)/c*2)?
5
Let x be 5/(-20) - 644/(-16). What are the prime factors of (44/5)/(16/x)?
2, 11
Let h(j) = j**2 + 13*j. Let y be h(-13). Suppose 5*k + 2*f = 126, -3*k + y*k = -3*f - 84. What are the prime factors of k?
2, 13
Suppose 4*y + 20 = 4*t, -4*y + 1 = t - 4. Suppose y = 5*r + w - 91, -5*r = -0*r - 2*w - 88. List the prime factors of r.
2, 3
Let p = 108 + -22. What are the prime factors of p?
2, 43
Let i(c) = c**2 - 5*c - 2. Let z be i(6). Suppose 5*m + 3*j - 97 = 3, -z*j = 0. What are the prime factors of m?
2, 5
Let s be ((-12)/(-3) - 3)*5. Suppose 0 = -s*t + 104 + 36. Let z = t + -16. List the prime factors of z.
2, 3
Let a = 198 - 1. What are the prime factors of a?
197
Suppose -4*m - 282 = -2*u, u + 2*u + 5*m = 368. List the prime factors of u.
131
Suppose -3*b + 810 = b - 2*v, b = 2*v + 201. List the prime factors of b.
7, 29
Suppose -3*m + 5*z - 31 = m, 5*m + 44 = z. Let y be (-2)/m - (-129)/27. What are the prime factors of 67/5 + (-2)/y?
13
Let i = -516 + 910. List the prime factors of i.
2, 197
Suppose -2*x + j = 2*j, 2*x - 4*j = 0. Let d = -13 - -16. Let i = d + x. List the prime factors of i.
3
List the prime factors of ((-28)/5)/((-3)/15).
2, 7
Let f(l) = -l**2 + 37*l - 10. List the prime factors of f(9).
2, 11
Let q(r) = r**3 - 4*r**2 - 6*r + 7. What are the prime factors of q(7)?
2, 7
Let o(w) = -2*w - 6. Let p be o(-4). Suppose -t + 0*t + p = 0. Suppose t = -4*q + 74. List the prime factors of q.
2, 3
Let o be (-3)/(-5) + (-366)/(-15). Suppose -o = -5*l + 45. What are the prime factors of l?
2, 7
Suppose 45 = 4*g - 3*g. List the prime factors of g.
3, 5
Suppose -3*d = -6, -172 + 24 = -4*t - 4*d. What are the prime factors of 2/(-3) - t/(-3)?
11
Suppose 3*p + k - 7 = 0, -4 = 4*p + 5*k - 6. Suppose s + p*j = -0*s + 48, 136 = 3*s + 5*j. Suppose g + s = 3*g. List the prime factors of g.
3, 7
Let n(z) = -z**3 + 4*z**2 + 4*z + 2. Let p(d) = d**2 + 2*d + 2. Let v be p(-3). Let i be n(v). Let y(j) = -j**3 - j**2 + j - 3. List the prime factors of y(i).
2, 3
Suppose -2*d + 0*d = 0. Suppose d*c - 34 = -2*c + 4*x, 5*x = 5*c - 80. List the prime factors of c.
3, 5
Suppose 11 = -0*o + 3*o - 2*u, 0 = -4*o - 3*u + 9. Let t(q) = -q**2 + 3*q - 2. Let f be t(o). List the prime factors of (f - 0)*10/(-5).
2
Let x(a) = -4*a**2 + 14*a + 4. Let j(z) = z**2 - 5*z - 1. Let w(b) = 7*j(b) + 2*x(b). What are the prime factors of w(-5)?
11
Suppose -2 = -2*o + 6. Suppose 4*f = f + 4*y - 32, 44 = -o*f + 5*y. Let j = -5 - f. List the prime factors of j.
11
Let g(q) = q**3 + 8*q**2 + 5*q + 6. Let z(s) = -s - 19. Let w be z(-12). What are the prime factors of g(w)?
2, 5
Suppose 2*b - 2*x - 2*x - 24 = 0, -4*b + 4*x + 64 = 0. What are the prime factors of b?
2, 5
Let t(z) = -z**2 - 2 + 2 + 3*z**2. List the prime factors of t(2).
2
Suppose -2*k + 2*f + 120 = 0, 0 = 3*k - f + 3*f - 195. What are the prime factors of k?
3, 7
Let u = -150 - -331. List the prime factors of u.
181
Suppose -14*l = -13*l - 36. What are the prime factors of l?
2, 3
Let s be 3*(-2 - 8/(-2)). Let m = s + 6. Suppose 2*i - i = m. List the prime factors of i.
2, 3
List the prime factors of ((-86)/(-3))/(8/12).
43
Let a = -8 + 13. Suppose -a*l = 3 - 43. What are the prime factors of l?
2
Let a(c) = -c**3 + 6*c**2 + 9*c - 7. Let k be a(7). What are the prime factors of k/(4 - (0 - -3))?
7
Suppose -2*c - 215 = -7*c. Let k = c - 10. Suppose 4*w - k = w. List the prime factors of w.
11
Let i(h) = 7*h + 9. What are the prime factors of i(8)?
5, 13
Suppose 0*i + 5*i - 470 = 0. What are the prime factors of i?
2, 47
Suppose 3*i = -4*g - 4, 2*g = -3*i - 5 - 9. List the prime factors of ((-6)/(-4))/((-6)/i).
2
Let b(j) = 13*j. Let c be b(2). Let m = -14 + c. List the prime factors of m.
2, 3
Let h = -14 - -25. List the prime factors of h.
11
Suppose -a - 3*a + 64 = 0. Suppose 5*v = 69 + a. List the prime factors of v.
17
Let d(n) = n**3 + 9*n**2 + 4*n. Let b be d(-7). Suppose 0 = -6*p + p + b. What are the prime factors of p?
2, 7
Suppose -934 = -15*s + 1466. List the prime factors of s.
2, 5
Suppose 12 = 4*v - 0*v. Suppose -1 + v = -2*i. What are the prime factors of i + (-1 - -1) + 9?
2
Suppose 0*y = y - 36. What are the prime factors of y?
2, 3
Let h(p) = -p**2 - 4*p + 4. Let z be h(-4). Suppose -5*i + g = 9, 3*i - z*g = 7*i - 12. Let s(v) = 10*v**2 + v + 1. List the prime factors of s(i).
2, 5
Let d = 131 + -44. List the prime factors of d.
3, 29
Let s(o) = o**3 + 10*o**2 + 10*o + 20. List the prime factors of s(-6).
2, 13
Let t = 36 + 32. What are the prime factors of t?
2, 17
Let i = -373 - -665. List the prime factors of i.
2, 73
List the prime factors of (2 - 20/(-15))*24.
2, 5
Let r = 274 + -161. List the prime factors of r.
113
Suppose s - 10 = 14. What are the prime factors of s?
2, 3
Suppose -l + 3*l + 74 = -4*x, 4*x - 61 = 3*l. Let o be (1/(-3))/(3/l). Suppose -2*n - 2*z = -10, 0*z = -n + o*z - 3. List the prime factors of n.
3
Let y(a) = a - 16. Let l be 1/(-2) + 1/(-2). Let b(k) = -1. Let p(u) = l*y(u) + 2*b(u). What are the prime factors of p(6)?
2
Let b be -1*(1 + 1*-6). Let o(j) = -2*j**2 + b*j**2 + 3*j**3 - 4*j**3 - 1 + 4*j. List the prime factors of o(3).
11
Suppose -39 = -5*k + 1. Let h = -5 + k. Suppose 5*y - s = 60, 4*y - h*s - 3 = 45. List the prime factors of y.
2, 3
Let w be (2/6)/((-1)/(-57)). Let j = 32 - w. List the prime factors of j.
13
Let l be (-10)/2*(-12)/30. List the prime factors of l/(-13) + (-530)/(-65).
2
Let g(r) = 2*r**2 + 2*r - 1. Let h = -2 - -3. Let o be g(h). Suppose 0 = -z - o*z + 24. What are the prime factors of z?
2, 3
Suppose -3*r - 1 = -2*j - 6, 0 = -5*j - 2*r + 16. Suppose -4*m = -j*m - 6. What are the prime factors of m?
3
Let g(v) = v**2 + 2*v - 3. List the prime factors of g(4).
3, 7
Let m(b) = 39*b. List the prime factors of m(1).
3, 13
Let s(n) = -3*n**3 + n**2 + n - 1. Let d be s(1). Let p(m) = m**3 + 5*m**2 + m. What are the prime factors of p(d)?
2, 5
Let t(x) = x - 1. Let y(j) = 6*j - 11. Let a(z) = 5*t(z) - y(z). What are the prime factors of a(3)?
3
Let a = 17 - 12. Suppose 0 = -h + a*h. Suppose -2*o - o + 18 = h. List the prime factors of o.
2, 3
Let b(l) be the first derivative of 15*l**3 - l**2 - l + 5. List the prime factors of b(-1).
2, 23
Let u(s) = s**3 + 5*s**2 - 3*s + 4. What are the prime factors of u(4)?
2, 17
Suppose -8*p - 3*o = -3*p + 1, -4*o = -5*p - 22. Let m be (1/p)/(1/76). Let t = 55 + m. List the prime factors of t.
17
Suppose 38 = 4*s - 2*s. List the prime factors of s.
19
Let b = -4 - -90. List the prime factors of b.
2, 43
Suppose 0 = 3*y + 8 - 38. Let r = 4 + y. List the prime factors of r.
2, 7
Let n = 241 + -111. List the prime factors of n.
2, 5, 13
Suppose 8 = 3*d - z, 2*z - 28 = -3*d - 2*z. Let w be (-132)/(-28) + d/14. Let a = w + -2. List the prime factors of a.
3
Let x be (4/(-6))/(3/(-27)). Suppose 0 = -2*c + x*c - 20. List the prime factors of c.
5
Let b be 16/(-10)*(-20)/(-4). Let z = -3 - b. Suppose -3*g = -2*g - z. List the prime factors of g.
5
Let s = 62 + -22. Suppose -5*g + 25 = 0, 2*x + 4*g - s = -2*x. List the prime factors of x.
5
Let v(o) = o**2 + 5*o + 8. What are the prime factors of v(-5)?
2
Let f(u) = -u**2 - 5*u + 5. List the prime factors of f(-4).
3
Let p = 3 + 4. Suppose 0 = -5*w - 2*h + 2, 0 = 3*w - 5*h - 2 + p. Suppose -5*s = -w*s - 50. List the prime factors of s.
2, 5
What